{"id":11810,"date":"2021-03-24T11:24:40","date_gmt":"2021-03-24T14:24:40","guid":{"rendered":"https:\/\/padraocontabil.com.br\/?page_id=11810"},"modified":"2021-03-24T14:29:57","modified_gmt":"2021-03-24T17:29:57","slug":"links-uteis","status":"publish","type":"page","link":"https:\/\/padraocontabil.com.br\/?page_id=11810","title":{"rendered":"Links \u00dateis"},"content":{"rendered":"\t\t<div data-elementor-type=\"wp-page\" data-elementor-id=\"11810\" class=\"elementor elementor-11810\">\n\t\t\t\t\t\t\t\t\t<section class=\"elementor-section elementor-top-section elementor-element elementor-element-2521196 elementor-section-stretched elementor-section-height-min-height elementor-section-boxed elementor-section-height-default elementor-section-items-middle\" data-id=\"2521196\" data-element_type=\"section\" data-settings=\"{&quot;stretch_section&quot;:&quot;section-stretched&quot;,&quot;background_background&quot;:&quot;classic&quot;}\">\n\t\t\t\t\t\t<div class=\"elementor-container elementor-column-gap-default\">\n\t\t\t\t\t<div class=\"elementor-column elementor-col-100 elementor-top-column elementor-element elementor-element-700ae18\" data-id=\"700ae18\" data-element_type=\"column\">\n\t\t\t<div class=\"elementor-widget-wrap elementor-element-populated\">\n\t\t\t\t\t\t\t\t<div class=\"elementor-element elementor-element-6ce5347 elementor-widget elementor-widget-heading\" data-id=\"6ce5347\" data-element_type=\"widget\" data-widget_type=\"heading.default\">\n\t\t\t\t<div class=\"elementor-widget-container\">\n\t\t\t<h2 class=\"elementor-heading-title elementor-size-default\">Links \u00dateis<\/h2>\t\t<\/div>\n\t\t\t\t<\/div>\n\t\t\t\t<div class=\"elementor-element elementor-element-51ed5a9 elementor-widget elementor-widget-text-editor\" data-id=\"51ed5a9\" data-element_type=\"widget\" data-widget_type=\"text-editor.default\">\n\t\t\t\t<div class=\"elementor-widget-container\">\n\t\t\t\t\t\t\t<p>Acompanhe alguns links que auxiliam no acesso a documentos e disp\u00f5em de um conte\u00fado externo de qualidade.<\/p>\t\t\t\t\t\t<\/div>\n\t\t\t\t<\/div>\n\t\t\t\t<div class=\"elementor-element elementor-element-89eeded elementor-tabs-alignment-stretch elementor-tabs-view-horizontal elementor-widget elementor-widget-tabs\" data-id=\"89eeded\" data-element_type=\"widget\" data-widget_type=\"tabs.default\">\n\t\t\t\t<div class=\"elementor-widget-container\">\n\t\t\t\t\t<div class=\"elementor-tabs\">\n\t\t\t<div class=\"elementor-tabs-wrapper\" role=\"tablist\" >\n\t\t\t\t\t\t\t\t\t<div id=\"elementor-tab-title-1441\" class=\"elementor-tab-title elementor-tab-desktop-title\" aria-selected=\"true\" data-tab=\"1\" role=\"tab\" tabindex=\"0\" aria-controls=\"elementor-tab-content-1441\" aria-expanded=\"false\">P\u00daBLICOS E GOVERNO\u200b<\/div>\n\t\t\t\t\t\t\t\t\t<div id=\"elementor-tab-title-1442\" class=\"elementor-tab-title elementor-tab-desktop-title\" aria-selected=\"false\" data-tab=\"2\" role=\"tab\" tabindex=\"-1\" aria-controls=\"elementor-tab-content-1442\" aria-expanded=\"false\">JORNAIS DOS ESTADOS<\/div>\n\t\t\t\t\t\t\t\t\t<div id=\"elementor-tab-title-1443\" class=\"elementor-tab-title elementor-tab-desktop-title\" aria-selected=\"false\" data-tab=\"3\" role=\"tab\" tabindex=\"-1\" aria-controls=\"elementor-tab-content-1443\" aria-expanded=\"false\">MINIST\u00c9RIOS<\/div>\n\t\t\t\t\t\t\t\t\t<div id=\"elementor-tab-title-1444\" class=\"elementor-tab-title elementor-tab-desktop-title\" aria-selected=\"false\" data-tab=\"4\" role=\"tab\" tabindex=\"-1\" aria-controls=\"elementor-tab-content-1444\" aria-expanded=\"false\">OUTROS LINKS<\/div>\n\t\t\t\t\t\t\t<\/div>\n\t\t\t<div class=\"elementor-tabs-content-wrapper\" role=\"tablist\" aria-orientation=\"vertical\">\n\t\t\t\t\t\t\t\t\t<div class=\"elementor-tab-title elementor-tab-mobile-title\" aria-selected=\"true\" data-tab=\"1\" role=\"tab\" tabindex=\"0\" aria-controls=\"elementor-tab-content-1441\" aria-expanded=\"false\">P\u00daBLICOS E GOVERNO\u200b<\/div>\n\t\t\t\t\t<div id=\"elementor-tab-content-1441\" class=\"elementor-tab-content elementor-clearfix\" data-tab=\"1\" role=\"tabpanel\" aria-labelledby=\"elementor-tab-title-1441\" tabindex=\"0\" hidden=\"false\"><a style=\"color: white;\" href=\"http:\/\/www.brasil.gov.br\/\" target=\"_blank\" rel=\"external nofollow noopener\">Portal\u00a0do\u00a0Brasil<\/a><br>\n\n<a style=\"color: white;\" href=\"http:\/\/www2.planalto.gov.br\/\" target=\"_blank\" rel=\"external nofollow noopener\">Planalto<\/a>\n<br>\n<a style=\"color: white;\" href=\"http:\/\/www.portaldoempreendedor.gov.br\/\" target=\"_blank\" rel=\"external nofollow noopener\">Portal\u00a0do\u00a0Empreendedor<\/a><br>\n\n<a style=\"color: white;\" href=\"http:\/\/www.pgfn.fazenda.gov.br\/\" target=\"_blank\" rel=\"external nofollow noopener\">Procuradoria\u00a0da\u00a0Uni\u00e3o\u00a0e\u00a0Fazenda<\/a>\n<br>\n<a style=\"color: white;\" href=\"http:\/\/www.receita.fazenda.gov.br\/Grupo2\/Legislacao.htm\" target=\"_blank\" rel=\"external nofollow noopener\">Legisla\u00e7\u00e3o\u00a0da\u00a0Receita<\/a>\n<br>\n<a style=\"color: white;\" href=\"http:\/\/www.cfc.org.br\/\" rel=\"nofollow\">CFC<\/a><\/div>\n\t\t\t\t\t\t\t\t\t<div class=\"elementor-tab-title elementor-tab-mobile-title\" aria-selected=\"false\" data-tab=\"2\" role=\"tab\" tabindex=\"-1\" aria-controls=\"elementor-tab-content-1442\" aria-expanded=\"false\">JORNAIS DOS ESTADOS<\/div>\n\t\t\t\t\t<div id=\"elementor-tab-content-1442\" class=\"elementor-tab-content elementor-clearfix\" data-tab=\"2\" role=\"tabpanel\" aria-labelledby=\"elementor-tab-title-1442\" tabindex=\"0\" hidden=\"hidden\"><a style=\"\n    color: white; title=\"Jornais\u00a0do\u00a0Paran\u00e1\" href=\"http:\/\/www.guiademidia.com.br\/jornaisdoparana.htm\" target=\"_blank\" rel=\"external nofollow noopener\">Jornais\u00a0do\u00a0Paran\u00e1<\/a><br>\n\n<a style=\"\n    color: white; title=\"Jornais\u00a0do\u00a0Rio\u00a0Grande\u00a0do\u00a0Sul\" href=\"http:\/\/www.guiademidia.com.br\/jornaisdoriograndedosul.htm\" target=\"_blank\" rel=\"external nofollow noopener\">Jornais\u00a0do\u00a0Rio\u00a0Grande\u00a0do\u00a0Sul<\/a>\n<br>\n<a style=\"\n    color: white; title=\"Jornais\u00a0de\u00a0Santa\u00a0Catarina\" href=\"http:\/\/www.guiademidia.com.br\/jornaisdesantacatarina.htm\" target=\"_blank\" rel=\"external nofollow noopener\">Jornais\u00a0de\u00a0Santa\u00a0Catarina<\/a>\n<br>\n<a style=\"\n    color: white; title=\"Jornais\u00a0de\u00a0S\u00e3o\u00a0Paulo\" href=\"http:\/\/www.guiademidia.com.br\/jornaisdesaopaulo.htm\" target=\"_blank\" rel=\"external nofollow noopener\">Jornais\u00a0de\u00a0S\u00e3o\u00a0Paulo<\/a><\/div>\n\t\t\t\t\t\t\t\t\t<div class=\"elementor-tab-title elementor-tab-mobile-title\" aria-selected=\"false\" data-tab=\"3\" role=\"tab\" tabindex=\"-1\" aria-controls=\"elementor-tab-content-1443\" aria-expanded=\"false\">MINIST\u00c9RIOS<\/div>\n\t\t\t\t\t<div id=\"elementor-tab-content-1443\" class=\"elementor-tab-content elementor-clearfix\" data-tab=\"3\" role=\"tabpanel\" aria-labelledby=\"elementor-tab-title-1443\" tabindex=\"0\" hidden=\"hidden\"><a style=\"\n    color: white; title=\"Minist\u00e9rio\u00a0da\u00a0Educa\u00e7\u00e3o\" href=\"http:\/\/www.mec.gov.br\/\" target=\"_blank\" rel=\"external nofollow noopener\">Minist\u00e9rio\u00a0da\u00a0Educa\u00e7\u00e3o<\/a>\n<br>\n<a style=\"\n    color: white; title=\"Minist\u00e9rio\u00a0da\u00a0Fazenda\" href=\"http:\/\/www.fazenda.gov.br\/\" target=\"_blank\" rel=\"external nofollow noopener\">Minist\u00e9rio\u00a0da\u00a0Fazenda<\/a>\n<br>\n<a style=\"\n    color: white; title=\"Minist\u00e9rio\u00a0da\u00a0Justi\u00e7a\" href=\"http:\/\/www.justica.gov.br\/\" target=\"_blank\" rel=\"external nofollow noopener\">Minist\u00e9rio\u00a0da\u00a0Justi\u00e7a<\/a>\n<br>\n<a style=\"\n    color: white; title=\"Minist\u00e9rio\u00a0da\u00a0Previd\u00eancia\u00a0Social\" href=\"http:\/\/www.previdencia.gov.br\/\" target=\"_blank\" rel=\"external nofollow noopener\">Minist\u00e9rio\u00a0da\u00a0Previd\u00eancia\u00a0Social<\/a>\n<br>\n<a style=\"\n    color: white; title=\"Minist\u00e9rio\u00a0da\u00a0Sa\u00fade\" href=\"http:\/\/portalsaude.saude.gov.br\/\" target=\"_blank\" rel=\"external nofollow noopener\">Minist\u00e9rio\u00a0da\u00a0Sa\u00fade<\/a>\n<br>\n<a style=\"\n    color: white; title=\"Minist\u00e9rio\u00a0do\u00a0Desenvolvimento,\u00a0Ind\u00fastria\u00a0e\u00a0Com\u00e9rci\" href=\"http:\/\/www.mdic.gov.br\/\" target=\"_blank\" rel=\"external nofollow noopener\">Minist\u00e9rio\u00a0do\u00a0Desenvolvimento,\u00a0Ind\u00fastria\u00a0e\u00a0Com\u00e9rci<\/a>\n<br>\n<a style=\"\n    color: white; title=\"Minist\u00e9rio\u00a0do\u00a0Planejamento\u00a0Or\u00e7amento\u00a0e\u00a0Gest\u00e3o\" href=\"http:\/\/www.planejamento.gov.br\/\" target=\"_blank\" rel=\"external nofollow noopener\">Minist\u00e9rio\u00a0do\u00a0Planejamento\u00a0Or\u00e7amento\u00a0e\u00a0Gest\u00e3o<\/a>\n<br>\n<a style=\"\n    color: white;title=\"Minist\u00e9rio\u00a0do\u00a0Trabalho\u00a0e\u00a0Emprego\" href=\"http:\/\/www.mte.gov.br\/\" target=\"_blank\" rel=\"external nofollow noopener\">Minist\u00e9rio\u00a0do\u00a0Trabalho\u00a0e\u00a0Emprego<\/a><\/div>\n\t\t\t\t\t\t\t\t\t<div class=\"elementor-tab-title elementor-tab-mobile-title\" aria-selected=\"false\" data-tab=\"4\" role=\"tab\" tabindex=\"-1\" aria-controls=\"elementor-tab-content-1444\" aria-expanded=\"false\">OUTROS LINKS<\/div>\n\t\t\t\t\t<div id=\"elementor-tab-content-1444\" class=\"elementor-tab-content elementor-clearfix\" data-tab=\"4\" role=\"tabpanel\" aria-labelledby=\"elementor-tab-title-1444\" tabindex=\"0\" hidden=\"hidden\"><nav id=\"menu_52362\"><a style=\"\n    color: white; title=\"Certid\u00f5es\u00a0Im\u00f3vel\u00a0Rural\" href=\"http:\/\/www.receita.fazenda.gov.br\/Certidoes\/ImovelRural.htm\" target=\"_blank\" rel=\"external nofollow noopener\">Certid\u00f5es\u00a0Im\u00f3vel\u00a0Rural<\/a>\n<br>\n<a style=\"\n    color: white;title=\"Certid\u00f5es\u00a0Pessoa\u00a0F\u00edsica\" href=\"http:\/\/www.receita.fazenda.gov.br\/Certidoes\/PessoaFisica.htm\" target=\"_blank\" rel=\"external nofollow noopener\">Certid\u00f5es\u00a0Pessoa\u00a0F\u00edsica<\/a>\n<br>\n<a style=\"\n    color: white;title=\"Certid\u00f5es\u00a0Pessoa\u00a0Jur\u00eddica\" href=\"http:\/\/www.receita.fazenda.gov.br\/Certidoes\/PessoaJuridica.htm\" target=\"_blank\" rel=\"external nofollow noopener\">Certid\u00f5es\u00a0Pessoa\u00a0Jur\u00eddica<\/a>\n<br>\n<a style=\"\n    color: white; title=\"CBO\" href=\"http:\/\/www.mtecbo.gov.br\/cbosite\/pages\/home.jsf\" target=\"_blank\" rel=\"external nofollow noopener\">CBO<\/a>\n<br>\n<a style=\"\n    color: white;title=\"CEI\u00a0-\u00a0Concess\u00e3o\u00a0Especial\u00a0do\u00a0INSS\" href=\"http:\/\/www.receita.fazenda.gov.br\/previdencia\/defaultcei.htm\" target=\"_blank\" rel=\"external nofollow noopener\">CEI\u00a0&#8211;\u00a0Concess\u00e3o\u00a0Especial\u00a0do\u00a0INSS<\/a>\n<br>\n<a style=\"\n    color: white;title=\"CPF\u00a0-\u00a0Cadastro\u00a0Pessoa\u00a0F\u00edsica\" href=\"http:\/\/www.receita.fazenda.gov.br\/Aplicacoes\/ATCTA\/CPF\/default.htm\" target=\"_blank\" rel=\"external nofollow noopener\">CPF\u00a0&#8211;\u00a0Cadastro\u00a0Pessoa\u00a0F\u00edsica<\/a>\n<br>\n<a style=\"\n    color: white; title=\"CNAE\u00a0-\u00a0Fiscal\" href=\"http:\/\/www.receita.fazenda.gov.br\/PessoaJuridica\/CNAEFiscal\/cnaef.htm\" target=\"_blank\" rel=\"external nofollow noopener\">CNAE\u00a0&#8211;\u00a0Fiscal<\/a>\n<br>\n<a style=\"\n    color: white;title=\"CNPJ\u00a0-\u00a0Cadastro\u00a0Nacional\u00a0de\u00a0Pessoa\u00a0Jur\u00eddica\" href=\"http:\/\/www.receita.fazenda.gov.br\/PessoaJuridica\/CNPJ\/ConsulSitCadastralCnpj.htm\" target=\"_blank\" rel=\"external nofollow noopener\">CNPJ\u00a0&#8211;\u00a0Cadastro\u00a0Nacional\u00a0de\u00a0Pessoa\u00a0Jur\u00eddica<\/a>\n<br>\n<a style=\"\n    color: white; title=\"CND\u00a0-\u00a0Certid\u00e3o\u00a0Negativa\u00a0de\u00a0D\u00e9bito\" href=\"http:\/\/www.receita.fazenda.gov.br\/previdencia\/CND\/\" target=\"_blank\" rel=\"external nofollow noopener\">CND\u00a0&#8211;\u00a0Certid\u00e3o\u00a0Negativa\u00a0de\u00a0D\u00e9bito<\/a>\n<br>\n<a style=\"\n    color: white; title=\"C\u00f3digos\u00a0de\u00a0Receita\u00a0DARF\" href=\"http:\/\/www.receita.fazenda.gov.br\/Aplicacoes\/ATSPO\/CodigoReceita\/default.asp\" target=\"_blank\" rel=\"external nofollow noopener\">C\u00f3digos\u00a0de\u00a0Receita\u00a0DARF<\/a>\n<br>\n<a style=\"\n    color: white;title=\"Comunica\u00e7\u00e3o\u00a0de\u00a0acidente\u00a0de\u00a0trabalho\u00a0-\u00a0CAT\" href=\"http:\/\/www.dataprev.gov.br\/servicos\/cat\/cat.shtm\" target=\"_blank\" rel=\"external nofollow noopener\">Comunica\u00e7\u00e3o\u00a0de\u00a0acidente\u00a0de\u00a0trabalho\u00a0&#8211;\u00a0CAT<\/a><br>\n\n<a style=\"\n    color: white;title=\"\u00a0Declara\u00e7\u00f5es\u00a0de\u00a0Pessoa\u00a0Jur\u00eddica\" href=\"http:\/\/www.receita.fazenda.gov.br\/principal\/Informacoes\/InfoDeclara\/declaraPJ.htm\" target=\"_blank\" rel=\"external nofollow noopener\">\u00a0Declara\u00e7\u00f5es\u00a0de\u00a0Pessoa\u00a0Jur\u00eddica<\/a>\n<br>\n<a style=\"\n    color: white;title=\"Declara\u00e7\u00f5es\u00a0de\u00a0Pessoa\u00a0F\u00edsica\" href=\"http:\/\/www.receita.fazenda.gov.br\/principal\/Informacoes\/InfoDeclara\/declaraPF.htm\" target=\"_blank\" rel=\"external nofollow noopener\">Declara\u00e7\u00f5es\u00a0de\u00a0Pessoa\u00a0F\u00edsica<\/a>\n<br>\n<a style=\"\n    color: white; title=\"Decretos\" href=\"http:\/\/www.planalto.gov.br\/ccivil_03\/decreto\/_dec_principal.htm\" target=\"_blank\" rel=\"external nofollow noopener\">Decretos<\/a>\n<br>\n<a style=\"\n    color: white; title=\"Decretos-Lei\" href=\"http:\/\/www.planalto.gov.br\/ccivil_03\/decreto-lei\/principal_ano.htm\" rel=\"nofollow\">Decretos-Lei<\/a>\n\n<\/nav><\/div>\n\t\t\t\t\t\t\t<\/div>\n\t\t<\/div>\n\t\t\t\t<\/div>\n\t\t\t\t<\/div>\n\t\t\t\t\t<\/div>\n\t\t<\/div>\n\t\t\t\t\t\t\t<\/div>\n\t\t<\/section>\n\t\t\t\t\t\t\t<\/div>\n\t\t","protected":false},"excerpt":{"rendered":"<p>Links \u00dateis Acompanhe alguns links que auxiliam no acesso a documentos e disp\u00f5em de um conte\u00fado externo de qualidade. P\u00daBLICOS E GOVERNO\u200b JORNAIS DOS ESTADOS MINIST\u00c9RIOS OUTROS LINKS P\u00daBLICOS E GOVERNO\u200b Portal\u00a0do\u00a0Brasil Planalto Portal\u00a0do\u00a0Empreendedor Procuradoria\u00a0da\u00a0Uni\u00e3o\u00a0e\u00a0Fazenda Legisla\u00e7\u00e3o\u00a0da\u00a0Receita CFC JORNAIS DOS ESTADOS Jornais\u00a0do\u00a0Rio\u00a0Grande\u00a0do\u00a0Sul Jornais\u00a0de\u00a0S\u00e3o\u00a0Paulo MINIST\u00c9RIOS Minist\u00e9rio\u00a0da\u00a0Fazenda Minist\u00e9rio\u00a0da\u00a0Previd\u00eancia\u00a0Social Minist\u00e9rio\u00a0do\u00a0Desenvolvimento,\u00a0Ind\u00fastria\u00a0e\u00a0Com\u00e9rci Minist\u00e9rio\u00a0do\u00a0Trabalho\u00a0e\u00a0Emprego OUTROS LINKS Certid\u00f5es\u00a0Pessoa\u00a0F\u00edsica CBO CPF\u00a0&#8211;\u00a0Cadastro\u00a0Pessoa\u00a0F\u00edsica CNPJ\u00a0&#8211;\u00a0Cadastro\u00a0Nacional\u00a0de\u00a0Pessoa\u00a0Jur\u00eddica C\u00f3digos\u00a0de\u00a0Receita\u00a0DARF \u00a0Declara\u00e7\u00f5es\u00a0de\u00a0Pessoa\u00a0Jur\u00eddica Decretos<\/p>\n","protected":false},"author":1,"featured_media":0,"parent":0,"menu_order":0,"comment_status":"closed","ping_status":"closed","template":"","meta":{"footnotes":"","_joinchat":[]},"_links":{"self":[{"href":"https:\/\/padraocontabil.com.br\/index.php?rest_route=\/wp\/v2\/pages\/11810"}],"collection":[{"href":"https:\/\/padraocontabil.com.br\/index.php?rest_route=\/wp\/v2\/pages"}],"about":[{"href":"https:\/\/padraocontabil.com.br\/index.php?rest_route=\/wp\/v2\/types\/page"}],"author":[{"embeddable":true,"href":"https:\/\/padraocontabil.com.br\/index.php?rest_route=\/wp\/v2\/users\/1"}],"replies":[{"embeddable":true,"href":"https:\/\/padraocontabil.com.br\/index.php?rest_route=%2Fwp%2Fv2%2Fcomments&post=11810"}],"version-history":[{"count":43,"href":"https:\/\/padraocontabil.com.br\/index.php?rest_route=\/wp\/v2\/pages\/11810\/revisions"}],"predecessor-version":[{"id":11967,"href":"https:\/\/padraocontabil.com.br\/index.php?rest_route=\/wp\/v2\/pages\/11810\/revisions\/11967"}],"wp:attachment":[{"href":"https:\/\/padraocontabil.com.br\/index.php?rest_route=%2Fwp%2Fv2%2Fmedia&parent=11810"}],"curies":[{"name":"wp","href":"https:\/\/api.w.org\/{rel}","templated":true}]}}