{"id":11858,"date":"2021-03-24T13:07:08","date_gmt":"2021-03-24T16:07:08","guid":{"rendered":"https:\/\/padraocontabil.com.br\/?page_id=11858"},"modified":"2021-03-24T15:40:23","modified_gmt":"2021-03-24T18:40:23","slug":"noticias","status":"publish","type":"page","link":"https:\/\/padraocontabil.com.br\/?page_id=11858","title":{"rendered":"Not\u00edcias"},"content":{"rendered":"\t\t<div data-elementor-type=\"wp-page\" data-elementor-id=\"11858\" class=\"elementor elementor-11858\">\n\t\t\t\t\t\t\t\t\t<section class=\"elementor-section elementor-top-section elementor-element elementor-element-67ff3c8 elementor-section-stretched elementor-section-height-min-height elementor-section-boxed elementor-section-height-default elementor-section-items-middle\" data-id=\"67ff3c8\" data-element_type=\"section\" data-settings=\"{&quot;stretch_section&quot;:&quot;section-stretched&quot;,&quot;background_background&quot;:&quot;classic&quot;,&quot;shape_divider_bottom&quot;:&quot;triangle&quot;,&quot;shape_divider_bottom_negative&quot;:&quot;yes&quot;}\">\n\t\t\t\t\t<div class=\"elementor-shape elementor-shape-bottom\" data-negative=\"true\">\n\t\t\t<svg xmlns=\"http:\/\/www.w3.org\/2000\/svg\" viewBox=\"0 0 1000 100\" preserveAspectRatio=\"none\">\n\t<path class=\"elementor-shape-fill\" d=\"M500.2,94.7L0,0v100h1000V0L500.2,94.7z\"\/>\n<\/svg>\t\t<\/div>\n\t\t\t\t\t<div class=\"elementor-container elementor-column-gap-default\">\n\t\t\t\t\t<div class=\"elementor-column elementor-col-100 elementor-top-column elementor-element elementor-element-10713cf\" data-id=\"10713cf\" data-element_type=\"column\">\n\t\t\t<div class=\"elementor-widget-wrap elementor-element-populated\">\n\t\t\t\t\t\t\t\t<div class=\"elementor-element elementor-element-3da6e09 elementor-widget elementor-widget-heading\" data-id=\"3da6e09\" data-element_type=\"widget\" data-widget_type=\"heading.default\">\n\t\t\t\t<div class=\"elementor-widget-container\">\n\t\t\t<h2 class=\"elementor-heading-title elementor-size-default\">Not\u00edcias<\/h2>\t\t<\/div>\n\t\t\t\t<\/div>\n\t\t\t\t<div class=\"elementor-element elementor-element-087a1a4 elementor-widget elementor-widget-text-editor\" data-id=\"087a1a4\" data-element_type=\"widget\" data-widget_type=\"text-editor.default\">\n\t\t\t\t<div class=\"elementor-widget-container\">\n\t\t\t\t\t\t\t<div id=\"texto-editavel_52373\" class=\"rich-text\"><div class=\"rich-text-content\"><p class=\"rich-text-content\"><span class=\"rich-text-content\">Acompanhe as \u00faltimas not\u00edcias da \u00e1rea cont\u00e1bil.\u00a0<\/span><\/p><\/div><\/div>\t\t\t\t\t\t<\/div>\n\t\t\t\t<\/div>\n\t\t\t\t\t<\/div>\n\t\t<\/div>\n\t\t\t\t\t\t\t<\/div>\n\t\t<\/section>\n\t\t\t\t<section class=\"elementor-section elementor-top-section elementor-element elementor-element-ed1bebf elementor-section-stretched elementor-section-boxed elementor-section-height-default elementor-section-height-default\" data-id=\"ed1bebf\" data-element_type=\"section\" data-settings=\"{&quot;stretch_section&quot;:&quot;section-stretched&quot;,&quot;background_background&quot;:&quot;classic&quot;}\">\n\t\t\t\t\t\t<div class=\"elementor-container elementor-column-gap-extended\">\n\t\t\t\t\t<div class=\"elementor-column elementor-col-33 elementor-top-column elementor-element elementor-element-cb6ebb6\" data-id=\"cb6ebb6\" data-element_type=\"column\">\n\t\t\t<div class=\"elementor-widget-wrap elementor-element-populated\">\n\t\t\t\t\t\t\t\t<section class=\"elementor-section elementor-inner-section elementor-element elementor-element-edabe59 elementor-section-boxed elementor-section-height-default elementor-section-height-default\" data-id=\"edabe59\" data-element_type=\"section\">\n\t\t\t\t\t\t<div class=\"elementor-container elementor-column-gap-default\">\n\t\t\t\t\t<div class=\"elementor-column elementor-col-100 elementor-inner-column elementor-element elementor-element-0f28419\" data-id=\"0f28419\" data-element_type=\"column\">\n\t\t\t<div class=\"elementor-widget-wrap elementor-element-populated\">\n\t\t\t\t\t\t\t\t<div class=\"elementor-element elementor-element-3bb81e7 elementor-widget elementor-widget-wp-widget-rss\" data-id=\"3bb81e7\" data-element_type=\"widget\" data-widget_type=\"wp-widget-rss.default\">\n\t\t\t\t<div class=\"elementor-widget-container\">\n\t\t\t<h5><a class=\"rsswidget rss-widget-feed\" href=\"http:\/\/g1.globo.com\/dynamo\/economia\/rss2.xml\"><img decoding=\"async\" class=\"rss-widget-icon\" style=\"border:0\" width=\"14\" height=\"14\" src=\"https:\/\/padraocontabil.com.br\/wp-includes\/images\/rss.png\" alt=\"RSS\" \/><\/a> <a class=\"rsswidget rss-widget-title\" href=\"https:\/\/g1.globo.com\/economia\/\">g1 &gt; Economia<\/a><\/h5><ul><li><a class='rsswidget' href='https:\/\/g1.globo.com\/economia\/noticia\/2026\/05\/05\/lucro-itau-1-trimestre.ghtml'>Ita\u00fa tem lucro l\u00edquido de R$ 12,3 bilh\u00f5es no 1\u00ba trimestre, alta de 10,4%<\/a> <span class=\"rss-date\">6 de maio de 2026<\/span><\/li><li><a class='rsswidget' href='https:\/\/g1.globo.com\/loterias\/mega-sena\/noticia\/2026\/05\/05\/mega-sena-concurso-3004-resultado.ghtml'>Mega-Sena acumula e pr\u00eamio vai a R$ 36 milh\u00f5es; veja os n\u00fameros sorteados<\/a> <span class=\"rss-date\">6 de maio de 2026<\/span><\/li><li><a class='rsswidget' href='https:\/\/g1.globo.com\/economia\/noticia\/2026\/05\/05\/minha-casa-minha-vida-governo-reduz-juros-e-amplia-prazo-de-pagamento-do-reforma-casa-brasil.ghtml'>Minha Casa, Minha Vida: governo reduz juros e amplia prazo de pagamento do Reforma Casa Brasil<\/a> <span class=\"rss-date\">5 de maio de 2026<\/span><\/li><li><a class='rsswidget' href='https:\/\/g1.globo.com\/economia\/noticia\/2026\/05\/05\/parlamentares-discutem-em-evento-em-brasilia-pec-que-propoe-desonerar-folha-de-pagamento.ghtml'>Parlamentares discutem em evento  em Bras\u00edlia PEC que prop\u00f5e desonerar folha de pagamento<\/a> <span class=\"rss-date\">5 de maio de 2026<\/span><\/li><li><a class='rsswidget' href='https:\/\/g1.globo.com\/economia\/noticia\/2026\/05\/05\/desenrola-20-febraban-diz-que-bancos-iniciarao-renegociacoes.ghtml'>Desenrola 2.0: Febraban diz que sistema ser\u00e1 liberado hoje e bancos podem come\u00e7ar renegocia\u00e7\u00f5es<\/a> <span class=\"rss-date\">5 de maio de 2026<\/span><\/li><li><a class='rsswidget' href='https:\/\/g1.globo.com\/economia\/noticia\/2026\/05\/05\/desenrola-20-tera-faixas-de-desconto.ghtml'>Desenrola 2.0 fixa descontos de 30% a 90% por tempo de atraso das d\u00edvidas; veja faixas<\/a> <span class=\"rss-date\">5 de maio de 2026<\/span><\/li><li><a class='rsswidget' href='https:\/\/g1.globo.com\/economia\/noticia\/2026\/05\/05\/desenrola-20-governo-publica-regras-para-que-bancos-iniciem-renegociacao-de-dividas.ghtml'>Desenrola 2.0: governo publica regras para que bancos iniciem renegocia\u00e7\u00e3o de d\u00edvidas<\/a> <span class=\"rss-date\">5 de maio de 2026<\/span><\/li><li><a class='rsswidget' href='https:\/\/g1.globo.com\/loterias\/mega-sena\/noticia\/2026\/05\/05\/mega-sena-pode-pagar-r-8-milhoes-nesta-terca-feira-g1-transmite-ao-vivo.ghtml'>Mega-Sena pode pagar R$ 8 milh\u00f5es nesta ter\u00e7a-feira; g1 transmite ao vivo<\/a> <span class=\"rss-date\">5 de maio de 2026<\/span><\/li><li><a class='rsswidget' href='https:\/\/g1.globo.com\/economia\/noticia\/2026\/05\/05\/desenrola-20-bancos-tem-30-dias-para-desnegativar-dividas-ate-r-100.ghtml'>&#039;Desenrola 2.0&#039;: bancos t\u00eam 30 dias para limpar nome de quem deve at\u00e9 R$ 100<\/a> <span class=\"rss-date\">5 de maio de 2026<\/span><\/li><li><a class='rsswidget' href='https:\/\/g1.globo.com\/economia\/agronegocios\/noticia\/2026\/05\/05\/exportacao-de-carne-bovina-do-brasil-pode-cair-10-em-2026-com-restricao-da-china-diz-abiec.ghtml'>Exporta\u00e7\u00e3o de carne bovina do Brasil pode cair 10% em 2026 com restri\u00e7\u00e3o da China, diz Abiec<\/a> <span class=\"rss-date\">5 de maio de 2026<\/span><\/li><\/ul>\t\t<\/div>\n\t\t\t\t<\/div>\n\t\t\t\t\t<\/div>\n\t\t<\/div>\n\t\t\t\t\t\t\t<\/div>\n\t\t<\/section>\n\t\t\t\t<div class=\"elementor-element elementor-element-1f98267 elementor-widget elementor-widget-spacer\" data-id=\"1f98267\" data-element_type=\"widget\" data-widget_type=\"spacer.default\">\n\t\t\t\t<div class=\"elementor-widget-container\">\n\t\t\t\t\t<div class=\"elementor-spacer\">\n\t\t\t<div class=\"elementor-spacer-inner\"><\/div>\n\t\t<\/div>\n\t\t\t\t<\/div>\n\t\t\t\t<\/div>\n\t\t\t\t\t<\/div>\n\t\t<\/div>\n\t\t\t\t<div class=\"elementor-column elementor-col-33 elementor-top-column elementor-element elementor-element-dc3ae35\" data-id=\"dc3ae35\" data-element_type=\"column\">\n\t\t\t<div class=\"elementor-widget-wrap elementor-element-populated\">\n\t\t\t\t\t\t\t\t<section class=\"elementor-section elementor-inner-section elementor-element elementor-element-0ebe50c elementor-section-boxed elementor-section-height-default elementor-section-height-default\" data-id=\"0ebe50c\" data-element_type=\"section\">\n\t\t\t\t\t\t<div class=\"elementor-container elementor-column-gap-default\">\n\t\t\t\t\t<div class=\"elementor-column elementor-col-100 elementor-inner-column elementor-element elementor-element-082dd91\" data-id=\"082dd91\" data-element_type=\"column\">\n\t\t\t<div class=\"elementor-widget-wrap elementor-element-populated\">\n\t\t\t\t\t\t\t\t<div class=\"elementor-element elementor-element-7548f21 elementor-widget elementor-widget-wp-widget-rss\" data-id=\"7548f21\" data-element_type=\"widget\" data-widget_type=\"wp-widget-rss.default\">\n\t\t\t\t<div class=\"elementor-widget-container\">\n\t\t\t<h5><a class=\"rsswidget rss-widget-feed\" href=\"http:\/\/rss.uol.com.br\/feed\/economia.xml\"><img decoding=\"async\" class=\"rss-widget-icon\" style=\"border:0\" width=\"14\" height=\"14\" src=\"https:\/\/padraocontabil.com.br\/wp-includes\/images\/rss.png\" alt=\"RSS\" \/><\/a> <a class=\"rsswidget rss-widget-title\" href=\"http:\/\/economia.uol.com.br\/\">UOL &gt; ECONOMIA<\/a><\/h5><ul><li><a class='rsswidget' href='https:\/\/economia.uol.com.br\/noticias\/redacao\/2026\/05\/05\/cliente-pode-materializar-renegociacao-amanha-diz-rogerio-ceron.ghtm'>Desenrola 2.0: Renegocia\u00e7\u00e3o pode ser feita amanh\u00e3, diz secret\u00e1rio<\/a> <span class=\"rss-date\">5 de maio de 2026<\/span><\/li><li><a class='rsswidget' href='https:\/\/economia.uol.com.br\/noticias\/redacao\/2026\/05\/05\/risco-na-justica-quem-paga-a-conta-do-predio-atingido-por-aviao-em-bh.ghtm'>Quem paga a &#039;conta&#039; aos moradores do pr\u00e9dio danificado por avi\u00e3o em BH?<\/a> <span class=\"rss-date\">5 de maio de 2026<\/span><\/li><li><a class='rsswidget' href='https:\/\/economia.uol.com.br\/noticias\/redacao\/2026\/05\/05\/itau-tem-lucro-de-r-no-1-tri-de-2026.ghtm'>Ita\u00fa tem lucro de R$ 12,3 bilh\u00f5es no 1\u00ba tri de 2026, alta de 10,4%<\/a> <span class=\"rss-date\">5 de maio de 2026<\/span><\/li><li><a class='rsswidget' href='https:\/\/economia.uol.com.br\/noticias\/redacao\/2026\/05\/05\/desenrola-20-limpar-nome-30-dias-devedores-100-reais.ghtm'>No Desenrola, bancos t\u00eam 30 dias para limpar nome de quem deve at\u00e9 R$ 100<\/a> <span class=\"rss-date\">5 de maio de 2026<\/span><\/li><li><a class='rsswidget' href='https:\/\/economia.uol.com.br\/noticias\/redacao\/2026\/05\/05\/fecha-dolar-bolsa-hoje-05-de-maio-de-2026.ghtm'>D\u00f3lar cai a R$ 4,91, e Bolsa volta a subir ap\u00f3s BC divulgar ata do Copom<\/a> <span class=\"rss-date\">5 de maio de 2026<\/span><\/li><li><a class='rsswidget' href='https:\/\/economia.uol.com.br\/colunas\/jose-paulo-kupfer\/2026\/05\/05\/sem-atacar-falhas-estruturais-desenrola-20-pode-incentivar-risco-moral.htm'>Sem atacar falhas estruturais, Desenrola 2.0 pode incentivar &#039;risco moral&#039;<\/a> <span class=\"rss-date\">5 de maio de 2026<\/span><\/li><li><a class='rsswidget' href='https:\/\/economia.uol.com.br\/noticias\/redacao\/2026\/05\/05\/relator-promete-parecer-final-sobre-fim-da-6x1-em-20-de-maio.ghtm'>Relator promete parecer final sobre fim da 6x1 em 20 de maio<\/a> <span class=\"rss-date\">5 de maio de 2026<\/span><\/li><li><a class='rsswidget' href='https:\/\/economia.uol.com.br\/noticias\/redacao\/2026\/05\/05\/brasil-chega-a-828-milhoes-de-inadimplentes-diz-serasa.ghtm'>Inadimpl\u00eancia aflige metade da popula\u00e7\u00e3o brasileira, aponta Serasa<\/a> <span class=\"rss-date\">5 de maio de 2026<\/span><\/li><li><a class='rsswidget' href='https:\/\/economia.uol.com.br\/noticias\/redacao\/2026\/05\/05\/rombo-dos-correios-pode-chegar-a-r-10-bilhoes-em-2026-diz-durigan.ghtm'>Rombo dos Correios pode chegar a R$ 10 bilh\u00f5es em 2026, diz Durigan<\/a> <span class=\"rss-date\">5 de maio de 2026<\/span><\/li><li><a class='rsswidget' href='https:\/\/economia.uol.com.br\/noticias\/redacao\/2026\/05\/05\/sancao---seguro-defeso.ghtm'>Governo sanciona novas regras do seguro-defeso e exige biometria a pescador<\/a> <span class=\"rss-date\">5 de maio de 2026<\/span><\/li><\/ul>\t\t<\/div>\n\t\t\t\t<\/div>\n\t\t\t\t\t<\/div>\n\t\t<\/div>\n\t\t\t\t\t\t\t<\/div>\n\t\t<\/section>\n\t\t\t\t\t<\/div>\n\t\t<\/div>\n\t\t\t\t<div class=\"elementor-column elementor-col-33 elementor-top-column elementor-element elementor-element-b87aff8\" data-id=\"b87aff8\" data-element_type=\"column\">\n\t\t\t<div class=\"elementor-widget-wrap elementor-element-populated\">\n\t\t\t\t\t\t\t\t<div class=\"elementor-element elementor-element-79e01a5 elementor-widget elementor-widget-wp-widget-rss\" data-id=\"79e01a5\" data-element_type=\"widget\" data-widget_type=\"wp-widget-rss.default\">\n\t\t\t\t<div class=\"elementor-widget-container\">\n\t\t\t<h5><a class=\"rsswidget rss-widget-feed\" href=\"https:\/\/www.contabeis.com.br\/rss\/noticias\/\"><img decoding=\"async\" class=\"rss-widget-icon\" style=\"border:0\" width=\"14\" height=\"14\" src=\"https:\/\/padraocontabil.com.br\/wp-includes\/images\/rss.png\" alt=\"RSS\" \/><\/a> <a class=\"rsswidget rss-widget-title\" href=\"https:\/\/www.contabeis.com.br\/noticias\/\">CONT\u00c1BEIS &gt; NOT\u00cdCIAS<\/a><\/h5><ul><li><a class='rsswidget' href='https:\/\/www.contabeis.com.br\/noticias\/76545\/lgpd-conformidade-vai-alem-do-checklist-juridico\/'>LGPD: conformidade vai al\u00e9m do checklist jur\u00eddico<\/a> <span class=\"rss-date\">5 de maio de 2026<\/span><\/li><li><a class='rsswidget' href='https:\/\/www.contabeis.com.br\/noticias\/76547\/es-prorroga-prazo-da-dot-para-15-de-maio-apos-instabilidade\/'>ES prorroga prazo da DOT para 15 de maio ap\u00f3s instabilidade<\/a> <span class=\"rss-date\">5 de maio de 2026<\/span><\/li><li><a class='rsswidget' href='https:\/\/www.contabeis.com.br\/noticias\/76538\/novo-codigo-civil-pode-mudar-heranca-de-conjuge\/'>Novo C\u00f3digo Civil pode mudar heran\u00e7a de c\u00f4njuge<\/a> <span class=\"rss-date\">5 de maio de 2026<\/span><\/li><li><a class='rsswidget' href='https:\/\/www.contabeis.com.br\/noticias\/76542\/desenrola-usara-dinheiro-esquecido-em-bancos-como-garantia-contra-inadimplencia\/'>Desenrola usar\u00e1 dinheiro esquecido em bancos como garantia contra inadimpl\u00eancia<\/a> <span class=\"rss-date\">5 de maio de 2026<\/span><\/li><li><a class='rsswidget' href='https:\/\/www.contabeis.com.br\/noticias\/76534\/ir-2026-6-erros-que-mais-levam-a-malha-fina\/'>IR 2026: 6 erros que mais levam \u00e0 malha fina<\/a> <span class=\"rss-date\">5 de maio de 2026<\/span><\/li><li><a class='rsswidget' href='https:\/\/www.contabeis.com.br\/noticias\/76539\/seguro-defeso-novas-regras-sancionadas\/'>Seguro-Defeso: novas regras sancionadas<\/a> <span class=\"rss-date\">5 de maio de 2026<\/span><\/li><li><a class='rsswidget' href='https:\/\/www.contabeis.com.br\/noticias\/76532\/5o-dia-util-de-maio-sera-na-quinta-feira-7\/'>5\u00ba dia \u00fatil de maio ser\u00e1 na quinta-feira (7)<\/a> <span class=\"rss-date\">5 de maio de 2026<\/span><\/li><li><a class='rsswidget' href='https:\/\/www.contabeis.com.br\/noticias\/76540\/receita-federal-altera-regras-do-oea-e-restringe-acesso-a-beneficios\/'>Receita Federal altera regras do OEA e restringe acesso a benef\u00edcios<\/a> <span class=\"rss-date\">5 de maio de 2026<\/span><\/li><li><a class='rsswidget' href='https:\/\/www.contabeis.com.br\/noticias\/76531\/pgfn-assume-cobranca-de-debitos-do-fgts\/'>PGFN assume cobran\u00e7a de d\u00e9bitos do FGTS<\/a> <span class=\"rss-date\">5 de maio de 2026<\/span><\/li><li><a class='rsswidget' href='https:\/\/www.contabeis.com.br\/noticias\/76535\/nota-tecnica-atualiza-regras-para-adequacao-das-nf-s-a-reforma-tributaria\/'>Nota T\u00e9cnica atualiza regras para adequa\u00e7\u00e3o das NF-s \u00e0 Reforma Tribut\u00e1ria<\/a> <span class=\"rss-date\">5 de maio de 2026<\/span><\/li><\/ul>\t\t<\/div>\n\t\t\t\t<\/div>\n\t\t\t\t\t<\/div>\n\t\t<\/div>\n\t\t\t\t\t\t\t<\/div>\n\t\t<\/section>\n\t\t\t\t\t\t\t<\/div>\n\t\t","protected":false},"excerpt":{"rendered":"<p>Not\u00edcias Acompanhe as \u00faltimas not\u00edcias da \u00e1rea cont\u00e1bil.\u00a0<\/p>\n","protected":false},"author":1,"featured_media":0,"parent":0,"menu_order":0,"comment_status":"closed","ping_status":"closed","template":"","meta":{"footnotes":"","_joinchat":[]},"_links":{"self":[{"href":"https:\/\/padraocontabil.com.br\/index.php?rest_route=\/wp\/v2\/pages\/11858"}],"collection":[{"href":"https:\/\/padraocontabil.com.br\/index.php?rest_route=\/wp\/v2\/pages"}],"about":[{"href":"https:\/\/padraocontabil.com.br\/index.php?rest_route=\/wp\/v2\/types\/page"}],"author":[{"embeddable":true,"href":"https:\/\/padraocontabil.com.br\/index.php?rest_route=\/wp\/v2\/users\/1"}],"replies":[{"embeddable":true,"href":"https:\/\/padraocontabil.com.br\/index.php?rest_route=%2Fwp%2Fv2%2Fcomments&post=11858"}],"version-history":[{"count":29,"href":"https:\/\/padraocontabil.com.br\/index.php?rest_route=\/wp\/v2\/pages\/11858\/revisions"}],"predecessor-version":[{"id":12045,"href":"https:\/\/padraocontabil.com.br\/index.php?rest_route=\/wp\/v2\/pages\/11858\/revisions\/12045"}],"wp:attachment":[{"href":"https:\/\/padraocontabil.com.br\/index.php?rest_route=%2Fwp%2Fv2%2Fmedia&parent=11858"}],"curies":[{"name":"wp","href":"https:\/\/api.w.org\/{rel}","templated":true}]}}